{"id":814,"date":"2019-07-08T17:23:56","date_gmt":"2019-07-08T15:23:56","guid":{"rendered":"https:\/\/eden-architecture.fr\/?page_id=814"},"modified":"2019-12-28T19:23:50","modified_gmt":"2019-12-28T18:23:50","slug":"missions-normales-darchitecte","status":"publish","type":"page","link":"https:\/\/eden-architecture.fr\/?page_id=814","title":{"rendered":"Mission normale compl\u00e8te"},"content":{"rendered":"<p>[et_pb_section fb_built=&#8221;1&#8243; _builder_version=&#8221;3.25.2&#8243; custom_padding=&#8221;||245px|||&#8221;][et_pb_row column_structure=&#8221;1_2,1_2&#8243; _builder_version=&#8221;3.25.2&#8243;][et_pb_column type=&#8221;1_2&#8243; _builder_version=&#8221;3.25.2&#8243;][et_pb_text _builder_version=&#8221;3.25.2&#8243; text_font=&#8221;||||||||&#8221; text_font_size=&#8221;20px&#8221;]<\/p>\n<p style=\"text-align: justify;\">Notre mission d&#8217;architecte de base, pr\u00e9vue dans le cadre d&#8217;une mission de ma\u00eetrise d&#8217;\u0153uvre compl\u00e8te, comprend les missions normalis\u00e9es de ma\u00eetrise d\u2019\u0153uvre d\u2019Architecture concernant votre projet de construction neuve, ou d&#8217;extension, de sur\u00e9l\u00e9vation (agrandissements) de r\u00e9novation\/r\u00e9novation de votre propri\u00e9t\u00e9 existante, depuis les d\u00e9marches administratives, jusqu&#8217;\u00e0 la r\u00e9ception des travaux, en passant par toutes les \u00e9tapes de la construction.<\/p>\n<p>Elle concerne plus particuli\u00e8rement les missions de base ci-apr\u00e8s\u00a0:<\/p>\n<p><strong><u>Missions de base<\/u>\u00a0<\/strong>:<\/p>\n<ul>\n<li>\u00c9tudes d\u2019esquisse (ESQ)<\/li>\n<li>\u00c9tudes d\u2019avant-projet sommaire (APS)<\/li>\n<\/ul>\n<p>[\/et_pb_text][\/et_pb_column][et_pb_column type=&#8221;1_2&#8243; _builder_version=&#8221;3.25.2&#8243;][et_pb_text _builder_version=&#8221;3.25.2&#8243; text_font=&#8221;||||||||&#8221; text_font_size=&#8221;20px&#8221;]<\/p>\n<p style=\"text-align: justify;\"><span style=\"text-decoration: underline;\"><strong>M<\/strong><strong>issions de base (suite)<\/strong><\/span><strong> :<\/strong><\/p>\n<ul>\n<li>\u00c9tudes d\u2019avant-projet d\u00e9finitif (APD)<\/li>\n<li>Dossier du Permis de construire (DPC)<\/li>\n<li>\u00c9tudes de projet de conception g\u00e9n\u00e9rale (PRO)<\/li>\n<li>Assistance au Ma\u00eetre d\u2019Ouvrage \u00e0 la passation des contrats de travaux (ACT)<\/li>\n<li>Direction de l\u2019ex\u00e9cution des contrats de travaux (DET) et visa des \u00e9tudes d\u2019ex\u00e9cution (VISA)<\/li>\n<li>Assistance aux op\u00e9rations de r\u00e9ception des travaux (AOR)<\/li>\n<\/ul>\n<p>La mission de base inclut les d\u00e9marches de visites du site pour recueillir toutes informations utiles au projet et la reprise des plans d\u2019esquisse fournis par vos soins.<\/p>\n<p>[\/et_pb_text][\/et_pb_column][\/et_pb_row][\/et_pb_section]<\/p>\n","protected":false},"excerpt":{"rendered":"<p>[et_pb_section fb_built=&#8221;1&#8243; _builder_version=&#8221;3.25.2&#8243; custom_padding=&#8221;||245px|||&#8221;][et_pb_row column_structure=&#8221;1_2,1_2&#8243; _builder_version=&#8221;3.25.2&#8243;][et_pb_column type=&#8221;1_2&#8243; _builder_version=&#8221;3.25.2&#8243;][et_pb_text _builder_version=&#8221;3.25.2&#8243; text_font=&#8221;||||||||&#8221; text_font_size=&#8221;20px&#8221;] Notre mission d&#8217;architecte de base, pr\u00e9vue dans le cadre d&#8217;une mission de ma\u00eetrise d&#8217;\u0153uvre compl\u00e8te, comprend les missions normalis\u00e9es de ma\u00eetrise d\u2019\u0153uvre d\u2019Architecture concernant votre projet de construction neuve, ou d&#8217;extension, de sur\u00e9l\u00e9vation (agrandissements) de r\u00e9novation\/r\u00e9novation de votre propri\u00e9t\u00e9 existante, depuis les d\u00e9marches administratives, [&hellip;]<\/p>\n","protected":false},"author":1,"featured_media":0,"parent":0,"menu_order":0,"comment_status":"closed","ping_status":"closed","template":"","meta":{"_et_pb_use_builder":"on","_et_pb_old_content":"","_et_gb_content_width":""},"_links":{"self":[{"href":"https:\/\/eden-architecture.fr\/index.php?rest_route=\/wp\/v2\/pages\/814"}],"collection":[{"href":"https:\/\/eden-architecture.fr\/index.php?rest_route=\/wp\/v2\/pages"}],"about":[{"href":"https:\/\/eden-architecture.fr\/index.php?rest_route=\/wp\/v2\/types\/page"}],"author":[{"embeddable":true,"href":"https:\/\/eden-architecture.fr\/index.php?rest_route=\/wp\/v2\/users\/1"}],"replies":[{"embeddable":true,"href":"https:\/\/eden-architecture.fr\/index.php?rest_route=%2Fwp%2Fv2%2Fcomments&post=814"}],"version-history":[{"count":10,"href":"https:\/\/eden-architecture.fr\/index.php?rest_route=\/wp\/v2\/pages\/814\/revisions"}],"predecessor-version":[{"id":857,"href":"https:\/\/eden-architecture.fr\/index.php?rest_route=\/wp\/v2\/pages\/814\/revisions\/857"}],"wp:attachment":[{"href":"https:\/\/eden-architecture.fr\/index.php?rest_route=%2Fwp%2Fv2%2Fmedia&parent=814"}],"curies":[{"name":"wp","href":"https:\/\/api.w.org\/{rel}","templated":true}]}}

Mission normale complète

<p>[et_pb_section fb_built=&#8221;1&#8243; _builder_version=&#8221;3.25.2&#8243; custom_padding=&#8221;||245px|||&#8221;][et_pb_row column_structure=&#8221;1_2,1_2&#8243; _builder_version=&#8221;3.25.2&#8243;][et_pb_column type=&#8221;1_2&#8243; _builder_version=&#8221;3.25.2&#8243;][et_pb_text _builder_version=&#8221;3.25.2&#8243; text_font=&#8221;||||||||&#8221; text_font_size=&#8221;20px&#8221;]</p>
<p style="text-align: justify;">Notre mission d&#8217;architecte de base, prévue dans le cadre d&#8217;une mission de maîtrise d&#8217;œuvre complète, comprend les missions normalisées de maîtrise d’œuvre d’Architecture concernant votre projet de construction neuve, ou d&#8217;extension, de surélévation (agrandissements) de rénovation/rénovation de votre propriété existante, depuis les démarches administratives, jusqu&#8217;à la réception des travaux, en passant par toutes les étapes de la construction.</p>
<p>Elle concerne plus particulièrement les missions de base ci-après :</p>
<p><strong><u>Missions de base</u> </strong>:</p>
<ul>
<li>Études d’esquisse (ESQ)</li>
<li>Études d’avant-projet sommaire (APS)</li>
</ul>
<p>[/et_pb_text][/et_pb_column][et_pb_column type=&#8221;1_2&#8243; _builder_version=&#8221;3.25.2&#8243;][et_pb_text _builder_version=&#8221;3.25.2&#8243; text_font=&#8221;||||||||&#8221; text_font_size=&#8221;20px&#8221;]</p>
<p style="text-align: justify;"><span style="text-decoration: underline;"><strong>M</strong><strong>issions de base (suite)</strong></span><strong> :</strong></p>
<ul>
<li>Études d’avant-projet définitif (APD)</li>
<li>Dossier du Permis de construire (DPC)</li>
<li>Études de projet de conception générale (PRO)</li>
<li>Assistance au Maître d’Ouvrage à la passation des contrats de travaux (ACT)</li>
<li>Direction de l’exécution des contrats de travaux (DET) et visa des études d’exécution (VISA)</li>
<li>Assistance aux opérations de réception des travaux (AOR)</li>
</ul>
<p>La mission de base inclut les démarches de visites du site pour recueillir toutes informations utiles au projet et la reprise des plans d’esquisse fournis par vos soins.</p>
<p>[/et_pb_text][/et_pb_column][/et_pb_row][/et_pb_section]</p>

<p>[et_pb_section fb_built=&#8221;1&#8243; _builder_version=&#8221;3.25.2&#8243; custom_padding=&#8221;||245px|||&#8221;][et_pb_row column_structure=&#8221;1_2,1_2&#8243; _builder_version=&#8221;3.25.2&#8243;][et_pb_column type=&#8221;1_2&#8243; _builder_version=&#8221;3.25.2&#8243;][et_pb_text _builder_version=&#8221;3.25.2&#8243; text_font=&#8221;||||||||&#8221; text_font_size=&#8221;20px&#8221;] Notre mission d&#8217;architecte de base, prévue dans le cadre d&#8217;une mission de maîtrise d&#8217;œuvre complète, comprend les missions normalisées de maîtrise d’œuvre d’Architecture concernant votre projet de construction neuve, ou d&#8217;extension, de surélévation (agrandissements) de rénovation/rénovation de votre propriété existante, depuis les démarches administratives, [&hellip;]</p>
